tor of g and d.
11
Let i be ((-60)/18 + 4)/(1/1812). Suppose i = 4*v - 2*g, -5*v - 13*g + 1515 = -18*g. Calculate the greatest common divisor of 43 and v.
43
Let u(g) = 7*g**2 + 5*g + 17. Let n be u(-7). Let w = -217 + n. Calculate the highest common factor of w and 8.
4
Let x(v) = 303*v**2 + 7*v + 31. Let d be x(3). Calculate the greatest common factor of d and 7.
7
Let w(v) = 9*v**2 - 214*v - 334. Let c be w(37). What is the highest common factor of c and 13?
13
Let g be (-202742)/(-24) + 22/44 + 3/(-36). What is the highest common divisor of 99 and g?
33
Suppose 147 - 205 = -4*z + 3*g, -z + 22 = -2*g. What is the highest common factor of z and 4010?
10
Suppose -100755 = -474*l + 71307. Calculate the greatest common divisor of 143 and l.
11
Suppose -365 = 3*x - 184 - 193. Let j(k) = -k**2 - 4*k - 3. Let b be j(-2). Calculate the highest common factor of x and b.
1
Suppose -772 = -8*i + 236. Suppose 4*y - i = -2*r + 5*r, -3*r + 144 = 5*y. Calculate the highest common factor of y and 150.
30
Suppose 3*l + 24 = -33. Let f = l - -43. Let t be 90693/756 - (-18)/504. What is the greatest common factor of f and t?
24
Let x(m) = 8*m**2 - 51*m + 22. Let d be x(7). Suppose -5*w - 773 = -2*k, -2*k = -6*k + 5*w + 1571. What is the greatest common factor of k and d?
57
Suppose -4*t = 4*m - 816, -9*m + 4*t - 216 = -10*m. Calculate the greatest common factor of m and 85.
5
Suppose o + 4*y + 2395 = 0, -4*y - 13265 = 4*o - 3661. Let v be 10/(9/(o/(-6))). Calculate the highest common divisor of v and 178.
89
Let j be 18/(((-105)/(-84))/(10/6)). Calculate the highest common divisor of 9036 and j.
12
Suppose -3*x + 6 = 0, 0 = 3*w - 4*x + 19 - 98. Suppose -w = -10*u + 1. What is the highest common factor of u and 24?
3
Let y = -98 + 92. Let z be (474/(-24) - 8)/(y/16). Calculate the highest common divisor of 222 and z.
74
Let t be (16146/345)/(2/20). Calculate the greatest common divisor of t and 63.
9
Suppose -8*m = -54 - 26. Suppose 5*q + m = 0, -3*x = 3*q - 111 - 3. Suppose 80 = 3*h + 2*h. What is the greatest common divisor of x and h?
8
Let g be (-141)/1175 - 2041059/(-75). Calculate the greatest common factor of 22 and g.
22
Suppose -1039839 = -416*d + 223175 + 2016730. Calculate the highest common divisor of 324 and d.
108
Let o(h) = -11*h**3 - 4*h**2 - 39*h + 20. Let t be o(-4). Calculate the greatest common factor of 72 and t.
24
Let l = 855 - 791. What is the highest common divisor of 16 and l?
16
Let p be 256/14 - 2/7. Suppose 0 = 3*i - 2*j - 15, 4*j = i + i - p. Suppose i*b = 15, 2*b - 52 + 7 = -5*k. What is the greatest common factor of 28 and k?
7
Let n be (-6)/(2 - 76/32). Let w = 70 + 279. Suppose 5*f - 149 - 733 = -2*c, 2*f - 3*c - w = 0. Calculate the greatest common factor of n and f.
16
Suppose -5*c - 2*i + 8 = 2, 0 = 5*i + 10. Let d be (0 - -1)*(-4 + c). Let a be 6/10 - (d - (-28)/(-20)). Calculate the highest common factor of a and 18.
2
Suppose 8*b - 7568 - 13937 = -47*b. Suppose 0 = c - 5*c + 92. What is the highest common divisor of c and b?
23
Suppose -42*o = -9*o - 78766 - 51287. Calculate the greatest common divisor of o and 7.
7
Let s(i) be the second derivative of -i**5/10 + 17*i**4/12 - 3*i**3 - 17*i**2/2 + 14*i + 5. Let h be s(7). What is the greatest common divisor of h and 36?
4
Let u(t) = t**2 - 5*t + 15. Let q be u(3). Suppose 110 = q*m - 16. Calculate the highest common factor of 182 and m.
14
Let y(j) = 70*j - 26*j - 21 - 23*j - 24*j. Let u be y(-15). What is the greatest common factor of 9 and u?
3
Let z(f) = -73 + 2*f**2 + 123*f - f**2 - 77*f - 65*f. Let u be z(23). What is the greatest common factor of u and 19?
19
Let o = 1723 + -1419. What is the greatest common divisor of o and 2584?
152
Suppose n - y - 3*y = 200, 3*n + 2*y = 614. Calculate the greatest common factor of 153 and n.
51
Suppose -142*i + 150*i = 144. Let u be 2378/i - (-5)/(-45). Calculate the highest common factor of 33 and u.
33
Suppose g - 43 = -4*h, 2*g + 69 = 5*g - 3*h. Let i = 49304 + -49292. What is the highest common factor of g and i?
3
Suppose -1 = -0*k - 3*k + 2*j, -5*k = j - 19. Suppose 240 = -k*n + s, s = 3*n - 7*n - 327. Let m = 63 - n. What is the greatest common divisor of 12 and m?
12
Let g be 2/(-7) + 44118/798. What is the greatest common divisor of 230 and g?
5
Suppose -6*i - 69 = 57. Let s be (i/4)/((-102)/2448). What is the greatest common factor of s and 98?
14
Let a be 2/(-3)*3 + (61 - -41). Suppose -180 + a = -2*d. Calculate the greatest common factor of d and 1000.
40
Suppose 0 = -141*v - 80*v + 123760. What is the greatest common factor of v and 180?
20
Let x(k) = k**3 + 9*k**2 + 2. Let o be x(-9). Suppose 4*u - o = 2*z + u, -z = 4*u - 21. Suppose z = -9*j + 860. What is the highest common divisor of 19 and j?
19
Let l(d) = d**2 + 27*d + 16. Let z = -142 + 114. Let p be l(z). Calculate the greatest common divisor of p and 11.
11
Suppose -3*o + 0*o - 3*u + 84 = 0, 7*u = 4*o - 46. Calculate the highest common factor of 8426 and o.
22
Let v be ((-4572)/(-21) + 0)/((-6)/(-147)). Suppose -23*u = -4050 - v. What is the greatest common factor of u and 51?
51
Suppose -1709 - 70027 - 56028 = -39*k. Calculate the greatest common factor of k and 195.
39
Let z be (-4)/(-2)*(2 + (-118)/(-4)). Let a = z - 35. What is the highest common factor of a and 70?
14
Let n = 81 + -28. Let a = 80 - n. Calculate the highest common divisor of a and 1.
1
Let z = 9 - -1. Let s(b) = b**2 - 52. Let j(l) = -l - 1. Let f(g) = -3*j(g) + s(g). Let d be f(6). What is the highest common divisor of z and d?
5
Let l(s) = 3*s**3 + 42*s**2 + 12*s + 72. Let p be l(-12). Calculate the highest common factor of 2816 and p.
88
Suppose 5*u + 4*o = 1521, 0 = 5*o + 2 - 22. Let d be -3 - 0 - (-7)/(49/u). Let n = 4 + d. What is the greatest common factor of 66 and n?
22
Let t be 0/1 + -7 + 7. Suppose t = -11*f + 9*f. Suppose -7*o - 5*o + 252 = f. Calculate the greatest common factor of 147 and o.
21
Suppose 0 = 40*u - 39 + 1 - 2. What is the greatest common divisor of u and 181?
1
Suppose 257*y - 122*y = 257985. What is the greatest common divisor of y and 1443?
39
Let w = 7049 - 7034. Calculate the greatest common factor of 2780 and w.
5
Suppose m + 2*q - 1 = -8, -2*q = -4*m - 18. Let g be -12*(20/m - (-28)/12). What is the greatest common factor of g and 130?
10
Let o(t) = -795*t + 1124. Let i be o(1). Calculate the highest common divisor of 217 and i.
7
Suppose 0 = -5*s - 8*q + 2335, -26*s - 2270 = -31*s + 5*q. Let f be (162/135)/((-6)/(-170)). Calculate the highest common divisor of s and f.
17
Suppose -c - c + 46 = -t, t - 92 = -4*c. Suppose 20*v + 330 = c*v. What is the greatest common divisor of v and 44?
22
Suppose 1898 = 2*m + 4*p, -2*m - 10*p + 1919 = -3*p. What is the highest common factor of 1530 and m?
85
Let v be (-4)/(3 + -5)*2. Suppose 3*k + v*r - 335 = -120, r - 145 = -2*k. Let a = k + -10. Calculate the greatest common factor of 42 and a.
21
Let j = 9 + -7. Let p(v) = -3*v**3 - 2*v + 1. Let l be p(1). Let t be 4 + ((-2)/l)/(3/84). Calculate the highest common divisor of t and j.
2
Let q = 3002 + -2925. Suppose -3*g = -18 - 3. Calculate the highest common divisor of g and q.
7
Let r = 107 - 52. Suppose -2*d - 4*m = 3*d - 11, d - 5*m + 21 = 0. Let s be (2 + d)*(-5 + -1 + 11). What is the greatest common divisor of s and r?
5
Let j(h) = 3*h**2 - 6*h - 25. Suppose 9 = 95*t - 98*t. Let o be j(t). What is the greatest common divisor of 300 and o?
20
Suppose -a + 2*j - 392 + 1854 = 0, 2*a = -4*j + 2916. What is the highest common divisor of 35 and a?
5
Let v(p) = -2*p**2 + 14*p - 4. Let f be v(6). Suppose f - 152 = -8*x. Let g = 51 + -15. Calculate the greatest common factor of x and g.
18
Let n = 1360 - 1340. Suppose -2*q + 17 - 7 = 0. Suppose -n = -0*k - q*k. What is the highest common divisor of k and 8?
4
Let f be ((-8)/(-5))/(5/800). Suppose 5*w - 301 = -5*h + 354, -h + 137 = 4*w. Let t = h - 113. Calculate the highest common divisor of f and t.
16
Suppose 5*p = -4*x - 910, 3*p = -p + 4*x - 764. Let d = -136 - p. What is the greatest common factor of 10 and d?
10
Let o(p) = -3*p**3 - 12*p**2 + 5*p + 22. Let s be o(-4). Suppose 4*k - 696 = 3*w, 0 = -3*k - 0*k + s*w + 521. What is the greatest common factor of 190 and k?
19
Let b be 3344/76 - (3 - (-3 + 2)). S